{"id":23,"date":"2014-04-06T15:13:59","date_gmt":"2014-04-06T12:13:59","guid":{"rendered":"http:\/\/osmanfiratturan.av.tr\/?page_id=23"},"modified":"2022-09-07T22:21:15","modified_gmt":"2022-09-07T19:21:15","slug":"iletisim","status":"publish","type":"page","link":"http:\/\/osmanfiratturan.av.tr\/?page_id=23","title":{"rendered":"\u0130leti\u015fim"},"content":{"rendered":"<p><strong>Av. Osman F\u0131rat TURAN\u00a0<\/strong><br \/>\nAziziye Mahallesi Cinnah Caddesi Enis Behi\u00e7 Kory\u00fcrek Sokak M.Life -3 Butik Rezidans No: 24\/27 06690 \u00c7ankaya\/ANKARA<\/p>\n<p>Gsm : 0 543 206 80 75 &#8211; E-posta : turan@osmanfiratturan.av.tr<\/p>\n<p>[contact-form-7 id=&#8221;81&#8243; title=&#8221;\u0130leti\u015fim formu 1&#8243;]<\/p>\n","protected":false},"excerpt":{"rendered":"<p>Av. Osman F\u0131rat TURAN\u00a0 Aziziye Mahallesi Cinnah Caddesi Enis Behi\u00e7 Kory\u00fcrek Sokak M.Life -3 Butik Rezidans No: 24\/27 06690 \u00c7ankaya\/ANKARA Gsm : 0 543 206 80 75 &#8211; E-posta : turan@osmanfiratturan.av.tr [contact-form-7 id=&#8221;81&#8243; title=&#8221;\u0130leti\u015fim formu 1&#8243;]<\/p>\n","protected":false},"author":1,"featured_media":0,"parent":0,"menu_order":0,"comment_status":"closed","ping_status":"closed","template":"","meta":{"om_disable_all_campaigns":false,"_mi_skip_tracking":false},"aioseo_notices":[],"_links":{"self":[{"href":"http:\/\/osmanfiratturan.av.tr\/index.php?rest_route=\/wp\/v2\/pages\/23"}],"collection":[{"href":"http:\/\/osmanfiratturan.av.tr\/index.php?rest_route=\/wp\/v2\/pages"}],"about":[{"href":"http:\/\/osmanfiratturan.av.tr\/index.php?rest_route=\/wp\/v2\/types\/page"}],"author":[{"embeddable":true,"href":"http:\/\/osmanfiratturan.av.tr\/index.php?rest_route=\/wp\/v2\/users\/1"}],"replies":[{"embeddable":true,"href":"http:\/\/osmanfiratturan.av.tr\/index.php?rest_route=%2Fwp%2Fv2%2Fcomments&post=23"}],"version-history":[{"count":17,"href":"http:\/\/osmanfiratturan.av.tr\/index.php?rest_route=\/wp\/v2\/pages\/23\/revisions"}],"predecessor-version":[{"id":229,"href":"http:\/\/osmanfiratturan.av.tr\/index.php?rest_route=\/wp\/v2\/pages\/23\/revisions\/229"}],"wp:attachment":[{"href":"http:\/\/osmanfiratturan.av.tr\/index.php?rest_route=%2Fwp%2Fv2%2Fmedia&parent=23"}],"curies":[{"name":"wp","href":"https:\/\/api.w.org\/{rel}","templated":true}]}}